ose 2*h - 166 = -4*a, -h - 313 = 50*a - 57*a. Let u(c) = 7*c + 5. Let t be u(4). What is the greatest common divisor of t and a?
11
Suppose 0 = -4*m - s + 52331, -4*m - 4*s + 22454 + 29886 = 0. What is the greatest common factor of 186 and m?
62
Let a(z) = -z**2 - 13*z - 27. Let n be a(-8). Suppose n*s - 169 - 1079 = 0. What is the highest common factor of s and 6?
6
Let x be 318/8 + (-2)/(-8). Let s be (-2)/(-8)*((-25)/15)/(130/(-2496)). What is the greatest common factor of s and x?
8
Let j be (1388/(-6))/((-20)/(-30)*-1). Suppose -5*y + 102 - j = -4*q, -4*y = 4. Calculate the greatest common factor of 204 and q.
12
Suppose 13*n = 37*n - 8760. Let i = n - 333. What is the greatest common divisor of i and 8?
8
Suppose -824*s + 1830269 = 722813. Calculate the greatest common factor of s and 2436.
84
Let y be 187*((-9 - 15) + 25). What is the greatest common divisor of 451 and y?
11
Let h = -9695 - -11240. What is the greatest common factor of h and 105?
15
Suppose 38 = 2*v + 4*p, 5*v - 71 = -p + 6. Let d(w) = w**2 + 4*w + 2. Let r be d(-4). What is the highest common factor of v and r?
1
Let z(c) = -13*c - 1. Let y be z(-1). Let u(a) = 22*a - 10. Let l be u(2). Suppose -106 = -3*g - l. Calculate the greatest common factor of y and g.
12
Let j be 2*-1*17*(-23)/((-529)/(-1334)). Calculate the greatest common divisor of j and 68.
68
Let z be (-24)/32*(-8)/3. Suppose -3*i = z*f + 99, -4*i - 52 = -0*f + f. Let w = f - -58. What is the highest common factor of w and 10?
10
Suppose -4*l = -0*l + 5*o - 574, 3*o + 276 = 2*l. Let r = l + -111. What is the highest common factor of 240 and r?
30
Let z(h) = -88*h**3 - 2*h**2 - 50*h - 48. Let i be z(-1). Calculate the highest common factor of 1078 and i.
22
Let r be -1586*(-8)/144 + 8/(-72). Let i(m) = m**3 + 16*m**2 - 17*m + 22. Let j be i(-17). Calculate the greatest common factor of j and r.
22
Let d be (138/30 - 5) + (-404)/(-10). Let o be (0 - 16/d) + (-77)/(-5). What is the highest common factor of 60 and o?
15
Let q = 13633 + -12589. Calculate the greatest common factor of 1972 and q.
116
Suppose 2910 = -212*d + 51474 + 15248. What is the highest common factor of 497 and d?
7
Suppose x = 44*s - 39*s - 16, 0 = -3*x - 5*s + 52. Suppose 4*h = -3*p + 45, 0 = -3*h + 7*p - 3*p + 15. What is the highest common factor of x and h?
9
Suppose 0 = -4*t + 3*g + 160, 2*t + 8*g + 12 = 92. Suppose 5*f = -4*h + 588, -4*f - 4*h - h = -465. Calculate the greatest common divisor of t and f.
40
Let t(z) = z**2 - 6*z + 6. Let n = 5 + -1. Let g be t(n). Let h be ((-16)/(-3))/(g/(-6)). What is the highest common divisor of 40 and h?
8
Let s(j) = 2*j - 37. Let a be s(25). Suppose a*v - 457 - 297 = 0. Calculate the highest common divisor of 145 and v.
29
Let j be (-17 - 306992/(-16)) + 14. What is the greatest common divisor of j and 32?
16
Let y be -291 - (5 + 6 + -7). Let n = -265 - y. What is the highest common factor of n and 20?
10
Let u be (-3 - 0 - 324/6)*1. Let h = u + 61. Let l be (-6)/30 - (-38)/10*h. What is the highest common factor of 15 and l?
15
Let r = 306 + -313. Let n be 78*(-3)/(-9) + r. Suppose -2*z = -5*z - 4*d + 464, 2*d = -5*z + 764. Calculate the greatest common factor of z and n.
19
Suppose -7158 = -136*d + 131*d + 3*y, 0 = 3*d + 3*y - 4290. Calculate the greatest common divisor of 27 and d.
27
Let q(c) = -54*c + 76. Let v be q(5). Let d = v - -226. What is the greatest common factor of 2 and d?
2
Let t(d) = -36*d**2 - 79*d + 12. Let w be t(-2). What is the highest common factor of 24778 and w?
26
Let b = -283 - -391. Let d = b + -92. Calculate the highest common factor of d and 464.
16
Suppose -35*v = -31*v - 16. Let b be 4/((-24)/(-45))*(10 - v). What is the greatest common divisor of b and 10?
5
Suppose 0 = -4*t + 5*i + 94, -8 = -3*t - 7*i + 41. Let h = -18 + 27. What is the highest common divisor of h and t?
3
Let d(f) = 5 - 2 + f**2 + 13*f + 13 + f**2. Suppose -2*h - 24 = 2*p, 3*h = -2*p - 31 - 1. Let u be d(h). Calculate the highest common divisor of u and 16.
8
Suppose -5*k = u - 35 + 6, -3*k + 11 = -u. Let n = u - 10. Let i be (32/(-6))/(1/n). What is the highest common factor of 4 and i?
4
Let b(i) = 12*i**3 + 110*i**2 + i + 10. Let a be b(-9). What is the highest common factor of a and 4401?
163
Suppose 3*y + 6*y = 4*y. Suppose -4*w - 4*z + 208 = y, 6*w - z = 4*w + 104. What is the greatest common divisor of w and 416?
52
Let o(z) be the first derivative of 1/3*z**3 + 1/4*z**4 + 0*z**2 + 10*z - 8. Let i be o(0). What is the greatest common divisor of i and 4?
2
Let o(y) = -126*y + 1928. Let x be o(12). What is the highest common factor of x and 608?
32
Suppose -b - 295 = -5*p, p + b + 7 = 66. Suppose 190*w - 38105 = 51575. What is the greatest common factor of w and p?
59
Suppose 0*w - 6*w - 12 = 0. Let d be 140/21*3/w. Let m be 4/d - 360/(-25). What is the greatest common divisor of 7 and m?
7
Let m = 8 + -4. Suppose 0 = -12*a + 30*a - 198. Let q(g) = g**2 - 39*g + 320. Let j be q(a). What is the greatest common factor of j and m?
4
Suppose -27 = -13*l + 4*l. Suppose 2*f - 262 = 4*g - 2*g, 0 = -f + l. Let r = -104 - g. What is the greatest common factor of 24 and r?
24
Let f be ((-210)/(-7))/(-6) + 31. Suppose -2*l - 29 - 3 = 0. Let v be -1 - l - (11 - 9). What is the highest common factor of f and v?
13
Suppose -37*a + 4167 = -35*a + 3*r, 4*r + 2100 = a. What is the highest common factor of 144 and a?
72
Let v be ((-32)/(-5))/(4/10)*1. Let c(m) = 2*m**2 - 35*m + 71. Let g be c(v). What is the highest common divisor of 299 and g?
23
Let h be ((-28)/12 + (-128)/(-12) + -9)*-15. Calculate the greatest common divisor of h and 45070.
10
Let h(v) = -v**3 - 17*v**2 + 90*v - 132. Let i be h(-27). What is the highest common factor of i and 48?
24
Let a(p) = -2*p**3 - 9*p**2 - 54*p - 111. Let r be a(-3). What is the highest common divisor of 4008 and r?
24
Let i = 36 - 34. Suppose m - i*s + 2 = 0, -2*m = m - 4*s + 2. Suppose 5*y - m*t = 136, -t = -4*y + 36 + 71. Calculate the greatest common divisor of y and 78.
26
Let f be ((-99)/55)/((-2)/30). Let u be f + 4 - -4*(1 - 0). Suppose -3*d - 7*k = -6*k - u, -3*k - 5 = -2*d. What is the greatest common divisor of d and 2?
2
Suppose -u = -5*i + 24, 3*i + 2*u - 7 = -3. Let f be (8 - (0 - -3) - i) + 129. What is the highest common divisor of f and 26?
26
Suppose -2*g - 50 = -5*f, 10*f - 20 = 5*f - 4*g. Suppose -14*d - 208 = -936. Calculate the highest common factor of d and f.
4
Let v be (-57)/(9*14/(-2898)). What is the greatest common factor of v and 207?
69
Suppose -3*l = 2*m - 4*m - 864, 288 = l + 3*m. Suppose -11*a = l - 849. Calculate the highest common divisor of 204 and a.
51
Suppose -2*t + 2 = 0, 3*l + 2*t - 1099 = -551. Let n be (-4)/(-6) - (-40)/3. What is the highest common divisor of n and l?
14
Let b(s) = 4249*s**2 - 75*s + 228. Let v be b(3). What is the highest common divisor of 12 and v?
12
Let b = 956 - 880. What is the highest common factor of 1577 and b?
19
Let d(o) = 103*o**2 + 2*o + 1. Let p be d(-1). Let i be 40/16*(224/(-16))/28 - (-7354)/8. Calculate the greatest common factor of p and i.
102
Let u = 8753 + -8508. Calculate the highest common factor of u and 45.
5
Let u = 1871 + -1819. Calculate the greatest common factor of u and 12.
4
Let k(p) = 61*p + 2177. Let w be k(-31). Let n be 1*27 - 2/2. What is the greatest common factor of w and n?
26
Let f = -17 - -21. Let u be 302/7 + f/(-28). Let y = u + -30. Calculate the greatest common factor of 13 and y.
13
Let m be ((-2)/2*1)/((-2)/30). Let g be (-1)/((-20)/8) + 9/m. Let v be 1 - g*-3*130/15. What is the highest common divisor of 18 and v?
9
Suppose 6*p - 1476 = -35*p. Suppose -74 = -4*y - 26. What is the greatest common divisor of y and p?
12
Let l(o) = 3*o**2 + 98*o + 113. Let h be l(-33). Let s = -125 + h. Let i = -3 + 24. What is the greatest common divisor of i and s?
21
Suppose -251 + 21 = -5*w. Let b = 57 - w. Suppose 2*k - 79 + b = 0. Calculate the highest common factor of k and 17.
17
Suppose -3*c - f + 405 = 0, c + 205 = 3*f + 330. What is the greatest common factor of c and 536?
134
Let p be 2/17 + (-22826)/(-1921). What is the greatest common factor of p and 5208?
12
Suppose -122071 = -35*l + 20*l + 22634. Calculate the highest common factor of l and 11.
11
Let 